[INFO] cloning repository https://github.com/MarceColl/rusty-keychain
[INFO] running `Command { std: "git" "-c" "credential.helper=" "-c" "credential.helper=/workspace/cargo-home/bin/git-credential-null" "clone" "--bare" "https://github.com/MarceColl/rusty-keychain" "/workspace/cache/git-repos/https%3A%2F%2Fgithub.com%2FMarceColl%2Frusty-keychain", kill_on_drop: false }`
[INFO] [stderr] Cloning into bare repository '/workspace/cache/git-repos/https%3A%2F%2Fgithub.com%2FMarceColl%2Frusty-keychain'...
[INFO] running `Command { std: "git" "rev-parse" "HEAD", kill_on_drop: false }`
[INFO] [stdout] 6ffd4957159a5de6ff1be0122be4909075f481d5
[INFO] checking MarceColl/rusty-keychain against master#af3c6e733a40e671550e0f0f5aeecaa13772ba56 for pr-74989
[INFO] running `Command { std: "git" "clone" "/workspace/cache/git-repos/https%3A%2F%2Fgithub.com%2FMarceColl%2Frusty-keychain" "/workspace/builds/worker-13/source", kill_on_drop: false }`
[INFO] [stderr] Cloning into '/workspace/builds/worker-13/source'...
[INFO] [stderr] done.
[INFO] validating manifest of git repo https://github.com/MarceColl/rusty-keychain on toolchain af3c6e733a40e671550e0f0f5aeecaa13772ba56
[INFO] running `Command { std: "/workspace/cargo-home/bin/cargo" "+af3c6e733a40e671550e0f0f5aeecaa13772ba56" "read-manifest" "--manifest-path" "Cargo.toml", kill_on_drop: false }`
[INFO] started tweaking git repo https://github.com/MarceColl/rusty-keychain
[INFO] finished tweaking git repo https://github.com/MarceColl/rusty-keychain
[INFO] tweaked toml for git repo https://github.com/MarceColl/rusty-keychain written to /workspace/builds/worker-13/source/Cargo.toml
[INFO] crate git repo https://github.com/MarceColl/rusty-keychain already has a lockfile, it will not be regenerated
[INFO] running `Command { std: "/workspace/cargo-home/bin/cargo" "+af3c6e733a40e671550e0f0f5aeecaa13772ba56" "fetch" "--locked" "--manifest-path" "Cargo.toml", kill_on_drop: false }`
[INFO] [stderr]     Blocking waiting for file lock on package cache
[INFO] running `Command { std: "docker" "create" "-v" "/var/lib/crater-agent-workspace/builds/worker-13/target:/opt/rustwide/target:rw,Z" "-v" "/var/lib/crater-agent-workspace/builds/worker-13/source:/opt/rustwide/workdir:ro,Z" "-v" "/var/lib/crater-agent-workspace/cargo-home:/opt/rustwide/cargo-home:ro,Z" "-v" "/var/lib/crater-agent-workspace/rustup-home:/opt/rustwide/rustup-home:ro,Z" "-e" "SOURCE_DIR=/opt/rustwide/workdir" "-e" "CARGO_TARGET_DIR=/opt/rustwide/target" "-e" "CARGO_HOME=/opt/rustwide/cargo-home" "-e" "RUSTUP_HOME=/opt/rustwide/rustup-home" "-w" "/opt/rustwide/workdir" "-m" "1610612736" "--user" "0:0" "--network" "none" "rustops/crates-build-env@sha256:d92eaeed33fa75130ca1ee6c8a01d1ffb62bac859dfdfb3450e3e5d1c0146529" "/opt/rustwide/cargo-home/bin/cargo" "+af3c6e733a40e671550e0f0f5aeecaa13772ba56" "metadata" "--no-deps" "--format-version=1", kill_on_drop: false }`
[INFO] [stderr] WARNING: Your kernel does not support swap limit capabilities or the cgroup is not mounted. Memory limited without swap.
[INFO] [stdout] 9c332d84b49b67a37838faf1a0152cfbf700c777c717c182f44c6c5e2b7145a5
[INFO] running `Command { std: "docker" "start" "-a" "9c332d84b49b67a37838faf1a0152cfbf700c777c717c182f44c6c5e2b7145a5", kill_on_drop: false }`
[INFO] running `Command { std: "docker" "inspect" "9c332d84b49b67a37838faf1a0152cfbf700c777c717c182f44c6c5e2b7145a5", kill_on_drop: false }`
[INFO] running `Command { std: "docker" "rm" "-f" "9c332d84b49b67a37838faf1a0152cfbf700c777c717c182f44c6c5e2b7145a5", kill_on_drop: false }`
[INFO] [stdout] 9c332d84b49b67a37838faf1a0152cfbf700c777c717c182f44c6c5e2b7145a5
[INFO] running `Command { std: "docker" "create" "-v" "/var/lib/crater-agent-workspace/builds/worker-13/target:/opt/rustwide/target:rw,Z" "-v" "/var/lib/crater-agent-workspace/builds/worker-13/source:/opt/rustwide/workdir:ro,Z" "-v" "/var/lib/crater-agent-workspace/cargo-home:/opt/rustwide/cargo-home:ro,Z" "-v" "/var/lib/crater-agent-workspace/rustup-home:/opt/rustwide/rustup-home:ro,Z" "-e" "SOURCE_DIR=/opt/rustwide/workdir" "-e" "CARGO_TARGET_DIR=/opt/rustwide/target" "-e" "CARGO_INCREMENTAL=0" "-e" "RUST_BACKTRACE=full" "-e" "RUSTFLAGS=--cap-lints=forbid" "-e" "CARGO_HOME=/opt/rustwide/cargo-home" "-e" "RUSTUP_HOME=/opt/rustwide/rustup-home" "-w" "/opt/rustwide/workdir" "-m" "1610612736" "--user" "0:0" "--network" "none" "rustops/crates-build-env@sha256:d92eaeed33fa75130ca1ee6c8a01d1ffb62bac859dfdfb3450e3e5d1c0146529" "/opt/rustwide/cargo-home/bin/cargo" "+af3c6e733a40e671550e0f0f5aeecaa13772ba56" "check" "--frozen" "--all" "--all-targets" "--message-format=json", kill_on_drop: false }`
[INFO] [stdout] a219975626ad96b41fe57c22f8fce6740e66994a88a320d0b7e2e35ef5a7f7b0
[INFO] [stderr] WARNING: Your kernel does not support swap limit capabilities or the cgroup is not mounted. Memory limited without swap.
[INFO] running `Command { std: "docker" "start" "-a" "a219975626ad96b41fe57c22f8fce6740e66994a88a320d0b7e2e35ef5a7f7b0", kill_on_drop: false }`
[INFO] [stderr]    Compiling gcc v0.3.35
[INFO] [stderr]    Compiling winapi-build v0.1.1
[INFO] [stderr]    Compiling libgpg-error-sys v0.1.2
[INFO] [stderr]     Checking winapi v0.2.8
[INFO] [stderr]    Compiling gpgme-sys v0.2.0
[INFO] [stderr]     Checking traitobject v0.0.3
[INFO] [stderr]     Checking serde v0.7.15
[INFO] [stderr]     Checking quick-error v1.1.0
[INFO] [stderr]     Checking libc v0.1.12
[INFO] [stderr]     Checking yaml-rust v0.3.3
[INFO] [stderr]     Checking lazy_static v0.1.16
[INFO] [stderr]     Checking rustc-serialize v0.3.19
[INFO] [stderr]     Checking strsim v0.5.1
[INFO] [stderr]     Checking unicode-width v0.1.3
[INFO] [stderr]     Checking unicode-segmentation v0.1.2
[INFO] [stderr]     Checking bitflags v0.1.1
[INFO] [stderr]     Checking vec_map v0.6.0
[INFO] [stderr]     Checking antidote v1.0.0
[INFO] [stderr]    Compiling openssl-sys v0.7.17
[INFO] [stderr]    Compiling x11 v2.8.0
[INFO] [stderr]     Checking term_size v0.2.1
[INFO] [stderr]     Checking unicode-bidi v0.2.3
[INFO] [stderr]     Checking rmp v0.7.5
[INFO] [stdout] error[E0642]: patterns aren't allowed in functions without bodies
[INFO] [stdout]    --> /opt/rustwide/cargo-home/registry/src/github.com-1ecc6299db9ec823/rustc-serialize-0.3.19/src/serialize.rs:147:45
[INFO] [stdout]     |
[INFO] [stdout] 147 | ...                   &f_name: &str,
[INFO] [stdout]     |                       ^^^^^^^ pattern not allowed in function without body
[INFO] [stdout] 
[INFO] [stdout] 
[INFO] [stderr]     Checking humantime v0.1.3
[INFO] [stderr]     Checking unsafe-any v0.4.1
[INFO] [stderr]     Checking num v0.1.35
[INFO] [stderr]    Compiling kernel32-sys v0.2.2
[INFO] [stderr]     Checking clap v2.13.0
[INFO] [stderr]     Checking typemap v0.3.3
[INFO] [stderr]    Compiling cmake v0.1.17
[INFO] [stderr]     Checking ordered-float v0.1.0
[INFO] [stderr]     Checking idna v0.1.0
[INFO] [stdout] error: missing fragment specifier
[INFO] [stdout]    --> /opt/rustwide/cargo-home/registry/src/github.com-1ecc6299db9ec823/clap-2.13.0/src/macros.rs:506:41
[INFO] [stdout]     |
[INFO] [stdout] 506 |     (@arg ($arg:expr) $modes:tt !$ident $($tail:tt)*) => {
[INFO] [stdout]     |                                         ^
[INFO] [stdout] 
[INFO] [stdout] 
[INFO] [stderr]    Compiling libz-sys v1.0.6
[INFO] [stderr]    Compiling libssh2-sys v0.1.39
[INFO] [stderr]    Compiling libgit2-sys v0.4.5
[INFO] [stderr]     Checking time v0.1.35
[INFO] [stderr]     Checking gpg-error v0.1.3
[INFO] [stderr]     Checking gpgme v0.4.0
[INFO] [stderr]     Checking chrono v0.2.25
[INFO] [stderr]     Checking url v1.2.0
[INFO] [stdout] error[E0195]: lifetime parameters or bounds on method `from_raw` do not match the trait declaration
[INFO] [stdout]    --> /opt/rustwide/cargo-home/registry/src/github.com-1ecc6299db9ec823/gpgme-0.4.0/src/data.rs:96:23
[INFO] [stdout]     |
[INFO] [stdout] 96  |     unsafe fn from_raw<'b>(raw: ffi::gpgme_data_t) -> Data<'b> {
[INFO] [stdout]     |                       ^^^^ lifetimes do not match method in trait
[INFO] [stdout]     | 
[INFO] [stdout]    ::: /opt/rustwide/cargo-home/registry/src/github.com-1ecc6299db9ec823/gpgme-0.4.0/src/lib.rs:233:23
[INFO] [stdout]     |
[INFO] [stdout] 233 |     unsafe fn from_raw(raw: Self::Raw) -> Self;
[INFO] [stdout]     |                       - lifetimes in impl do not match this method in trait
[INFO] [stdout] 
[INFO] [stdout] 
[INFO] [stdout] error: aborting due to previous error
[INFO] [stdout] 
[INFO] [stdout] 
[INFO] [stdout] For more information about this error, try `rustc --explain E0195`.
[INFO] [stdout] 
[INFO] [stdout] error: aborting due to previous error
[INFO] [stdout] 
[INFO] [stdout] 
[INFO] [stdout] For more information about this error, try `rustc --explain E0642`.
[INFO] [stdout] 
[INFO] [stderr] error: could not compile `gpgme`.
[INFO] [stderr] 
[INFO] [stderr] To learn more, run the command again with --verbose.
[INFO] [stderr] warning: build failed, waiting for other jobs to finish...
[INFO] [stdout] error: aborting due to previous error
[INFO] [stdout] 
[INFO] [stdout] 
[INFO] [stdout] error[E0713]: borrow may still be in use when destructor runs
[INFO] [stdout]    --> /opt/rustwide/cargo-home/registry/src/github.com-1ecc6299db9ec823/url-1.2.0/src/form_urlencoded.rs:246:40
[INFO] [stdout]     |
[INFO] [stdout] 244 | impl<'a> Target for ::UrlQuery<'a> {
[INFO] [stdout]     |      -- lifetime `'a` defined here
[INFO] [stdout] 245 |     fn as_mut_string(&mut self) -> &mut String { &mut self.url.serialization }
[INFO] [stdout] 246 |     fn finish(self) -> &'a mut ::Url { self.url }
[INFO] [stdout]     |                                        ^^^^^^^^ - here, drop of `self` needs exclusive access to `*self.url`, because the type `UrlQuery<'_>` implements the `Drop` trait
[INFO] [stdout]     |                                        |
[INFO] [stdout]     |                                        returning this value requires that `*self.url` is borrowed for `'a`
[INFO] [stdout] 
[INFO] [stdout] 
[INFO] [stdout] error: aborting due to previous error
[INFO] [stdout] 
[INFO] [stdout] 
[INFO] [stdout] For more information about this error, try `rustc --explain E0713`.
[INFO] [stdout] 
[INFO] [stderr] error: build failed
[INFO] running `Command { std: "docker" "inspect" "a219975626ad96b41fe57c22f8fce6740e66994a88a320d0b7e2e35ef5a7f7b0", kill_on_drop: false }`
[INFO] running `Command { std: "docker" "rm" "-f" "a219975626ad96b41fe57c22f8fce6740e66994a88a320d0b7e2e35ef5a7f7b0", kill_on_drop: false }`
[INFO] [stdout] a219975626ad96b41fe57c22f8fce6740e66994a88a320d0b7e2e35ef5a7f7b0
